igit of o?
6
Suppose -v - 3*v = 8. Suppose 17 = -t + y, -3*t + 2*y = -0*y + 49. Let x = v - t. What is the tens digit of x?
1
Suppose -7*o = -o + 12. What is the tens digit of (-507)/(-6) - o - (-3)/(-2)?
8
Let y(v) = -5 - 3*v - 11 - 9 + 20*v**2 + 30. What is the units digit of y(2)?
9
Let s(c) = 34 + 21*c**3 - 11*c**3 - 9*c**3 - 6 + c**2. Let x be s(0). Suppose -x - 8 = -4*y. What is the units digit of y?
9
Let d = 1297 + -712. What is the hundreds digit of d?
5
What is the hundreds digit of (-5 - 13)*-54 + 3?
9
Suppose 17*a + 10075 = 30*a. What is the units digit of a?
5
Let h(t) = 3*t**3 - 6*t**2 + t - 2. Let m(a) = -4*a**3 + 6*a**2 + 1. Let b(j) = 3*h(j) + 2*m(j). Let l be 2/7 - 80/(-14). What is the tens digit of b(l)?
1
Suppose 3*x - 4*x = 0. Let k = 17 + x. Let r = k + 4. What is the units digit of r?
1
Let l = -15 - -21. Suppose 0 = -l*c + 5*c + 55. What is the tens digit of c?
5
What is the hundreds digit of -5 - (-3 - (-1896)/(-4))?
4
Let t(p) = -p**2 + 2*p - 1. Let h be t(2). Let c be 83 - (h + -2 + 3). Let w = c - 56. What is the units digit of w?
7
Let f = 59 + -54. Suppose f*b - 422 - 148 = 0. What is the tens digit of b?
1
Suppose 38*r - 34*r = 0. Suppose r = 13*f - 8*f - 335. What is the units digit of f?
7
Let h = -17 - -21. Suppose 0 = -4*r + 5*v + 55 - 7, 5*r - h*v = 69. Suppose -2 = -n + 3*s + r, 2*s = 5*n - 95. What is the tens digit of n?
1
Let o(r) = r**2 - 68*r - 304. What is the units digit of o(76)?
4
Let o be 3*56/(-12)*1. Let b be (-2)/(-6) - o/3. Suppose -r + b = -37. What is the units digit of r?
2
Suppose -u = 4*h - 3*u - 64, 0 = -4*h + 3*u + 68. Suppose -12*n = -h*n + 146. What is the tens digit of n?
7
Let k(o) = -o - 9. Let j be k(-4). Let w = 7 + j. Let s = 7 + w. What is the units digit of s?
9
Suppose 5*c = -5*v + 585, -275 - 270 = -5*c + 3*v. What is the tens digit of c?
1
Let i be 2/6 - 5/(-3). Let j = i - -3. Suppose 2*p = j*n + 12, 4*n = 2*p - 4*p + 48. What is the tens digit of p?
1
What is the units digit of ((-684)/190 + 4/(-10))*-1?
4
Suppose 0 = -252*l + 253*l - 2945. What is the units digit of l?
5
Let a(n) = -52*n - 410. What is the tens digit of a(-25)?
9
Suppose 7*g - 14 = 5*g. Suppose 1475 = 12*v - g*v. What is the tens digit of v?
9
Let y(h) = 451*h - 9. Let x be y(1). Suppose -148 = 5*p - 4*c - 913, 3*p = -c + x. What is the tens digit of p?
4
Let g = -18 + 20. Suppose -3*x = -a, -a - g = -3*x - x. What is the units digit of a?
6
Let u = -102 - -24. Let i = u - -112. What is the units digit of i?
4
Suppose 5 = 5*j + m + 18, j + 3*m - 3 = 0. Let o be 2*(2 - (-3)/j). Suppose 5*i + 20 = 0, 5*i + 32 - 4 = o*z. What is the units digit of z?
4
Let t = -916 + 1578. What is the tens digit of t?
6
Suppose 3*k + 2 = 4*m, -4*m - 2 = -3*k - 2*m. Let h(v) = -k*v - 48*v**3 + v - 1 + 15*v**3. What is the tens digit of h(-1)?
3
Let w be 3 + 0 + 8 - 3. Let q be (w - 4)*(2 - 1). Suppose 7*y - q*y = 66. What is the units digit of y?
2
Let s(i) = 43*i + 7. Let j be s(2). Suppose 15 = -l + j. What is the units digit of l?
8
Let w = 8 - 9. Let m be ((3/(-3))/w)/(-1). What is the tens digit of -3*(-38)/6 - m?
2
Let x(i) = -i**3 - 7*i**2 - 9*i + 6. Let p be x(-7). Let d be p/(-3)*-1 - -2. Suppose 0 = -t - 2*m + 1, 8*m = 3*m - d. What is the tens digit of t?
1
Let z be 4/(-6) + 20/3. Suppose -5*g - y = -54, -19 + z = -g + 2*y. What is the units digit of g?
1
Let c(s) = 32*s**2 - s. Let j be c(5). Suppose -m + j = 4*m. Let l = m + -109. What is the units digit of l?
0
Let n be (3/(-2 - -8))/(8/48). Suppose 2*u - n - 225 = 2*b, 4*b = -u + 89. What is the units digit of u?
9
What is the units digit of 226/3*2*(-3)/(-2)?
6
Suppose 0 = -i + 2 + 3. Suppose -5*v - o + 330 = -0*v, -i*v + 305 = -4*o. What is the units digit of v?
5
Let c(y) = -y + 10. Let o be c(8). Suppose 0 = -i - o*m - 0*m + 2, -5*m = -5*i + 25. Suppose -g + i + 8 = 0. What is the units digit of g?
2
What is the tens digit of -26 + 26 - (0 + -144)?
4
Suppose 266 = w - 92. Let k = w - 178. What is the tens digit of k?
8
Let c be (-14)/(-21)*(112 + -1). Let h be 6/39 - c/(-26). Suppose 4*z = u + 95, -u = -h*z + 21 + 49. What is the units digit of z?
5
What is the thousands digit of -9*((-228105)/945 + (-4)/14)?
2
Let v(t) = 68*t**2 - 8*t + 50. What is the units digit of v(6)?
0
Let c(g) = -g**3 + 12*g**2 - 9*g - 14. Let i be c(11). Suppose -n + i = n. Let a = 7 - n. What is the units digit of a?
3
Let m(a) = -5*a**3 + a**2 - 2*a + 2. Let c be m(2). Suppose 5*j + 48 = 398. Let z = c + j. What is the tens digit of z?
3
Let i be -1 + (-3 + 2 - -1). What is the tens digit of 18/7*(8 + i)?
1
Let o = 0 + 9. Suppose 0 = -o*p + 14*p - 20. Suppose w - p*w = -4*x + 74, 5*x + 4*w - 108 = 0. What is the tens digit of x?
2
Let x = -2374 - -4835. What is the units digit of x?
1
What is the hundreds digit of ((-6150)/20)/(3/(-12))?
2
Let r = 620 - -3262. What is the units digit of r?
2
Suppose 0*u = 2*y - 5*u - 31, -5*u - 40 = -5*y. Suppose 6*a = y*a. Suppose -s + 7 = -a*s. What is the units digit of s?
7
What is the units digit of 2645 + ((-6)/(-4))/((-4)/(-8))?
8
Let l be 2 + 0 + 1 - (9 + -25). Suppose x + 5*p = l + 64, x + p - 63 = 0. What is the units digit of x?
8
Suppose p + 4 + 2 = -o, -3*p = 9. Let s be (0 + -78)*o/6. Suppose -2*i = -l + 3*l - 42, 2*i = l + s. What is the tens digit of i?
2
Let k = 38 - 25. Suppose 2*v - 5*y = 11, -v + 2*v - 5*y - k = 0. Let z(r) = 6*r**2 - r + 3. What is the units digit of z(v)?
9
Let k = 484 - 358. What is the tens digit of k?
2
Suppose 0 = 4*g - 16*g + 1464. Let k be (465/10)/((-3)/4). Let c = k + g. What is the tens digit of c?
6
What is the thousands digit of 2/4 - (6 - (-25364)/(-8))?
3
Let i(x) = -2*x - 5. Let p be i(-2). What is the tens digit of (498/(-6))/(p + 0)?
8
Suppose -3*n - 127 - 312 = -2*l, -5*n = -l + 216. What is the hundreds digit of l?
2
Let p(r) = r**2 - r - 9. Let k be p(4). Suppose -k*b = 94 - 361. What is the units digit of b?
9
Let d be (2 - 5)/((-1)/3). Let u be (-3 - d/(-3))/1. Suppose u*g = -4*g + 24. What is the units digit of g?
6
Suppose -2*x = -21 + 81. Let z = x - -29. What is the tens digit of 44/(z*(-5 - -4))?
4
What is the tens digit of (189/(-35) - -6) + (-67092)/(-30)?
3
Let t(u) = -u**2 + 3*u - 3. Let y be t(-3). Suppose 3*x = -2*x + 4*o - 15, 0 = -2*x + 3*o + 1. What is the tens digit of x/(y/81) + -1?
2
Let m = -15 + 21. Suppose 3*v - 102 = m. Suppose v = a + s, 3*a - a + 5*s = 81. What is the units digit of a?
3
Let o(r) = 0 - 16*r - 13*r - 14. Let d be o(-4). Suppose -5*p - 2*x = -220, -2*p - 14 = 4*x - d. What is the units digit of p?
4
Suppose -20*k + 11*k + 540 = 0. What is the units digit of k?
0
Suppose 4*k = 5*u, 2*u - 2*k = -6*k. Let b be (1 + u)/(10/20). Suppose 26 = -b*o + 112. What is the units digit of o?
3
Let m be (-3)/(12/10)*(-12)/30. What is the tens digit of m/(-5) - (-2387)/35?
6
Let u(h) = -h**2 - 6*h + 6. Let p be u(-6). Let r(t) = -t**2 + 6*t + 6. What is the units digit of r(p)?
6
Let t(l) = l**2 + l - 15. Let o be t(3). What is the tens digit of (-638)/o + (-10)/(-30)?
1
Let z = 24 + -17. Let y(t) = t**3 - 5*t**2 - 8*t + 7. What is the tens digit of y(z)?
4
Let k be (0 - -33) + 6/3. Let o = -30 + k. What is the units digit of o?
5
Let m(u) = u**2 - 7*u - 9. Suppose -3*x + i - 6*i = -31, 3*x + i - 35 = 0. Let c be m(x). Let w = c + -33. What is the tens digit of w?
1
Suppose -2*d + 2824 = -1854. What is the hundreds digit of d?
3
Suppose -4*s + 3*a - 22 = 69, 2 = 2*a. Let m = -121 + 184. Let d = s + m. What is the units digit of d?
1
Let i(x) = x - 16. Let y be i(16). Suppose 3*f - f - 102 = y. What is the tens digit of f?
5
Let v(d) = d**3 + 3*d**2 - 4*d - 10. Let f be v(-4). Let t be 2/(-9)*(f + 1). Suppose -t*g + 27 = 9. What is the units digit of g?
9
Let o be -3 + (-1 + 2)/(-1). Let h(f) = f**2 - 3*f - 7. What is the tens digit of h(o)?
2
Let p = 1391 - 1066. What is the hundreds digit of p?
3
What is the tens digit of (-3)/(-6)*(2016 - 26)?
9
Let o(p) = -p**3 + 5*p**2 - 3*p - 1. Let l be o(4). Suppose y = l*y. Let k = 11 + y. What is the tens digit of k?
1
Suppose -5*s - 6*u = -2*u - 26, -24 = -4*s - 4*u. Let q be (14/(-35))/(s/410). Let z = q - -124. What is the units digit of z?
2
Let d(f) = -22*f - 5. Suppose -2*w + 2*q = 14, -2*w + q = -0*q + 12. Wha